
Let y(w) = -8*w + 51. Let q be y(4). Suppose 0 = -22*c + q*c + 960. Is c a multiple of 44?
False
Let z(n) = 3*n + 25. Let f be z(-7). Suppose 2*q + f*c = 111 + 93, 3*c - 423 = -4*q. Is 41 a factor of q?
False
Let l(o) = -184*o - 230. Is l(-3) a multiple of 39?
False
Let w = -196 + 52. Is 4/(-3)*w/8 a multiple of 10?
False
Let x = -58 + 1294. Is x a multiple of 4?
True
Suppose 190 + 74 = p. Is p a multiple of 11?
True
Let r = 50 - 47. Suppose -r*s + 2*d = -41, -s = 3*d - 7*d - 27. Is 2 a factor of s?
False
Let h = 17 - -287. Suppose -12*m = -8*m - h. Suppose -32 = -4*i + m. Is i a multiple of 7?
False
Let b = -16 + 24. Suppose -4*n = -b*n + 40. Is 10 a factor of n?
True
Let p(d) = -2*d - 27. Let r(u) = 1. Let a(s) = -p(s) + 5*r(s). Is a(-7) a multiple of 17?
False
Suppose 5*p - 10 = 5*s, 5*p - 10 = 3*p + 5*s. Suppose -2*y - 3*y - 580 = p. Is 21 a factor of -4 - y/(0 + 4)?
False
Suppose -g + 76 = -265. Suppose g = 11*l - 44. Is l a multiple of 5?
True
Let u(x) = -x**2 - 13*x - 11. Suppose 26 = -5*d - 14. Does 8 divide u(d)?
False
Let f = 71 + -66. Suppose f*j = 395 + 255. Is 23 a factor of j?
False
Let i(o) = 1646*o + 17. Is i(1) a multiple of 13?
False
Let x = 166 - -174. Suppose 4*w = -104 - x. Let g = w + 209. Is 25 a factor of g?
False
Suppose -4*s + 5*s - 3 = 0. Suppose 3*m - 2*l = 102, 2*m - 87 = -2*l - s*l. Is m a multiple of 10?
False
Suppose -4*h = f - 2857, 173*h - f + 3570 = 178*h. Is 9 a factor of h?
False
Let m = -25 + 37. Suppose -m*b = -10*b - 30. Is b a multiple of 6?
False
Let n be (-11)/(-33) + 10/6. Suppose 0 = -2*b + 5*p + 55, -5*b + n*b + 2*p + 66 = 0. Suppose 4*s = b + 84. Is s a multiple of 8?
False
Suppose -19*v + 343 = -18*v. Is v a multiple of 7?
True
Suppose 0 = 3*r - 4*l - 7, -2*r + 6*r + 3*l = 26. Suppose -r - 135 = 4*v. Let d = v - -66. Is d a multiple of 6?
False
Let o(n) = 6*n**2 - 21*n + 115. Is 18 a factor of o(14)?
False
Suppose 11*q - 9*q = 10. Suppose 0 = -2*y + q*p + 195, 9*y - 3*p - 497 = 4*y. Does 20 divide y?
True
Suppose 0 = 2*f - 4*q - 68, -5 = 3*q + 1. Let i = -28 + f. Does 2 divide i?
True
Let o(i) = i**3 - 7*i**2 + 5. Let p be o(7). Let b(r) = r**3 - 4*r**2 + 1. Is b(p) a multiple of 4?
False
Suppose -d + 2*u + 45 = -373, 5*d + 5*u - 2105 = 0. Is 12 a factor of d?
True
Is 30 a factor of 2*(-5868)/(-56) + 12/28?
True
Suppose 5*a + 14 = 2*k - 2, -k - 14 = 3*a. Does 4 divide 21 - ((-1 + k - -2) + 1)?
False
Let i(b) be the third derivative of -b**6/120 + b**5/10 + b**4/8 - 7*b**3/6 + 13*b**2. Is 18 a factor of i(5)?
False
Let s be (-12)/(-4)*(-4)/3. Let x be s/14 - (-60)/14. Suppose 2*m = 2*c - 42, 4*m - 94 = -x*c - 34. Is 7 a factor of c?
False
Let b(r) = 4010*r. Let v be b(-1). Let x be v/(-50) + 2/(-10). Suppose 0 = -0*f + 5*f - x. Is f a multiple of 8?
True
Suppose -8*w + 370 = -3*w. Suppose 14 = 2*h + w. Let l = h + 55. Is 5 a factor of l?
True
Suppose -1515 + 3701 = 2*d + 2*k, -2*k + 3281 = 3*d. Is d a multiple of 73?
True
Let n(t) = 3*t + 3. Let x be n(2). Let c = -4 + x. Let a(d) = 6*d - 4. Is 13 a factor of a(c)?
True
Let s(f) = -293*f - 109. Is 11 a factor of s(-3)?
True
Let a(j) = j**3 + 8*j**2 - 15*j - 28. Suppose 3*l + 2*l = 4*h - 20, -2*l - 21 = h. Does 23 divide a(l)?
True
Let h(s) = s**3 - 4*s**2 + 11*s - 20. Let n(l) = l**2 + l + 8. Let w be n(0). Let z be h(w). Is 6 a factor of (-14)/3*z/(-63)?
True
Let w = 11 + -10. Let i = w - -8. Does 2 divide i?
False
Let y(x) = -2*x**2 + 16*x - 18. Let f be y(6). Suppose 2*o - f*o = -76. Is 6 a factor of o?
False
Let v(f) = -f**2 + 15*f - 17. Let t be v(-9). Let x = -105 - t. Is 14 a factor of x?
False
Suppose -2*f - 140 = -7*f. Is 5 a factor of f?
False
Suppose z + 22 = -0*z. Let a = z + 10. Does 20 divide a/42 + 142/7?
True
Suppose 3*h = 5*h - 10. Suppose 113 = 2*x - 3*d - 2*d, 0 = -h*x - 4*d + 332. Is x a multiple of 13?
False
Suppose 6*b + 8*b - 42 = 0. Suppose 0 = -j + 3, -2*j = -b*k + 240 + 204. Is k a multiple of 25?
True
Suppose -3*m - 4*w = -5*m + 14, 3*m - 32 = -5*w. Let g(h) be the second derivative of h**3/2 + 2*h**2 - h. Is 16 a factor of g(m)?
False
Let u = 34 - 14. Let n be u/(-30)*(-54)/4. Suppose -11*w = -n*w - 6. Does 3 divide w?
True
Let t(g) = 138*g**2 - 15*g + 28. Let v be t(2). Suppose 8*s + v = 2062. Does 27 divide s?
True
Let j be 3 + (-3 - -3 - 274/(-2)). Let v = j - -194. Is v a multiple of 33?
False
Suppose -3*b = 16 - 256. Let u be b*((-42)/(-10) + -3). Is 4/10 + u/10 a multiple of 3?
False
Suppose 3*j + 2 - 3 = -i, 2*j = -3*i + 24. Suppose -6*c + 118 = 4. Let z = c - i. Is z a multiple of 5?
False
Let m(p) = p**3 + 8*p**2 + 2*p - 5. Let n be m(-8). Is 19 a factor of 7/(n/12) + 62?
False
Let k(s) = s**2 - 3*s + 2. Let n be k(3). Suppose -n*p - 5*g + 424 = 68, 3*p - 484 = 5*g. Does 14 divide p?
True
Let o = -55 + 103. Let m = o + -24. Is m a multiple of 5?
False
Suppose 187 = z - 8*m + 6*m, 4*z = -5*m + 800. Is z a multiple of 22?
False
Suppose -2*v = k - 1437, -4*v - 3*k + 3197 = 322. Is v a multiple of 13?
False
Let s be 172/(3*(-1)/(-3)). Let y be ((-700)/(-21))/(1*4/(-12)). Let d = s + y. Is d a multiple of 16?
False
Let f(c) = -c**3 - 17*c**2 - 31. Let a(o) = -o**3 - 18*o**2 - 32. Let g(m) = 4*a(m) - 5*f(m). Is 9 a factor of g(-13)?
True
Suppose 5*u + 40 = -5*n + 2*n, -3*n + 4*u - 22 = 0. Is 232 + ((-12)/n)/(33/110) a multiple of 29?
False
Let v = -6 - -6. Suppose -2*k - 2*l - 1044 = -4*k, -5*k - 4*l + 2610 = v. Suppose -5*c + 4*w = -k + 142, 2*c + w - 139 = 0. Does 13 divide c?
False
Suppose p + 2 = 2*p. Let r be 2 - (-62 + p + 2). Let m = r + 0. Does 15 divide m?
True
Suppose 25*f = 20*f. Suppose 2*q - 184 = -4*y, f = -2*q + 3*q - 4. Does 11 divide y?
True
Let f(c) be the first derivative of -5*c**2/2 - c - 8. Let a be f(1). Let m(l) = -l**3 - 6*l**2 + 3. Does 3 divide m(a)?
True
Suppose -d + 3*v - 62 + 320 = 0, 1385 = 5*d + 4*v. Is d a multiple of 19?
False
Suppose -10*k + 11*k = 456. Is k a multiple of 19?
True
Suppose 2*x = 4*x - 126. Let a = -17 + x. Is 14 a factor of a?
False
Let r(y) = y - 13. Let x be r(13). Suppose j = -x*j + 82. Is 14 a factor of j?
False
Suppose -2*h = 2*p - 1142, -3*h + 2*p + 2257 - 519 = 0. Does 36 divide h?
True
Does 13 divide (-674)/(-6) - ((-64)/12)/(-4)?
False
Let b(h) = -5*h**3 - 13*h**2 + h - 9. Let v(i) = -3*i**3 - 9*i**2 + i - 6. Let o(s) = -5*b(s) + 7*v(s). Let k be o(-2). Let j = -19 - k. Is j even?
True
Is 57 a factor of (-4635)/(-27) + (-6)/9?
True
Let p(s) = 5*s**2 - 5*s - 5. Let o be p(6). Suppose 0 = 2*r - o - 153. Does 33 divide r?
False
Let a(h) = -7*h - 10. Suppose -20 - 23 = 5*o + s, 10 = -2*o + 2*s. Is 4 a factor of a(o)?
False
Suppose -5*a = -4*j + 9*j - 555, 4*j + a = 432. Is j a multiple of 8?
False
Does 72 divide 24/140*(-6 + 48)*670?
True
Let c(o) = 5*o**2 - 2*o. Does 48 divide c(-8)?
True
Let w be 2/3*(-42)/(-4). Let b(q) = -2*q + 8. Let s be b(w). Let g(d) = d**3 + 7*d**2 + 2*d + 3. Is g(s) a multiple of 12?
False
Let l(z) = 4*z - 2. Let m be l(9). Is 2 a factor of 6/18 - m/(-6)?
True
Suppose 2*q - 51 = -15. Is 6 a factor of q?
True
Suppose -58 = 7*m - 912. Is m a multiple of 14?
False
Let l = -137 + 228. Suppose 3*t - 469 = -l. Does 39 divide t?
False
Suppose 6*y - y + 3*f = 13, 4*f + 36 = 4*y. Suppose -y*q + 106 = -164. Is -7*(-13)/(273/q) a multiple of 9?
True
Let n be (27 - 24)/((-9)/(-384)). Suppose 81 - 17 = r - 5*i, r + 4*i = 109. Let a = n - r. Does 13 divide a?
True
Let f be 2*(14/(-8))/7*0. Suppose s + 3*s - 268 = 4*c, f = -2*s - 2*c + 154. Is 9 a factor of s?
True
Suppose 20*u - 19*u = 327. Let r = u + -212. Is 6 a factor of r?
False
Suppose -2*d + 16 = 2*d, 3*d - 12 = -4*c. Suppose -3*y = -2*u - 147, u + y + 66 = -c*u. Let o = -30 - u. Is 13 a factor of o?
True
Let j(s) = 3*s + 5*s - 14*s + 9 + 7*s. Does 3 divide j(-3)?
True
Let l(q) = q**3 - 3*q**2 + 3*q - 2. Let s be l(2). Suppose s = -2*d - 5*z + 67, -d = -0*d + 2*z - 31. Does 9 divide d?
False
Does 95 divide (217 - 16)*30/9?
False
Suppose 0 = 4*h - 5*k - 569, -5*h - 2*k = -0*h - 736. Does 5 divide h?
False
Suppose -3*z + 7 = -8. Suppose 3*m = 2*d + 239, 2*m = -0*m - z*d + 134. Does 5 divide m?
False
Let r(g) = -284*g + 39. Is 25 a factor of r(-6)?
False
Suppose 11*r = -7*r + 666. Is r + (-1)/2*2 a multiple of 4?
True
Suppose -3*l = -8 - 436. Suppose -4*a = 92 + l. Let c = a - -105. Does 1